{"id":192,"date":"2014-09-10T14:29:19","date_gmt":"2014-09-10T12:29:19","guid":{"rendered":"http:\/\/www.lechomania.de\/wordpress\/?page_id=192"},"modified":"2017-02-08T12:22:00","modified_gmt":"2017-02-08T10:22:00","slug":"ueber-mich-2","status":"publish","type":"page","link":"https:\/\/www.vivolavita.de\/?page_id=192","title":{"rendered":"\u00dcber mich"},"content":{"rendered":"<h4><img loading=\"lazy\" class=\"aligncenter wp-image-2714\" src=\"http:\/\/www.lechomania.de\/wordpress\/wp-content\/uploads\/2017\/01\/image10-768x1024-1-225x300.jpg\" alt=\"image10-768x1024\" width=\"225\" height=\"300\" srcset=\"https:\/\/www.vivolavita.de\/wp-content\/uploads\/2017\/01\/image10-768x1024-1-225x300.jpg 225w, https:\/\/www.vivolavita.de\/wp-content\/uploads\/2017\/01\/image10-768x1024-1.jpg 768w\" sizes=\"(max-width: 225px) 100vw, 225px\" \/><a href=\"http:\/\/www.lechomania.de\/wordpress\/wp-content\/uploads\/2015\/03\/image10.jpg\"><br \/>\n<\/a><\/h4>\n<p style=\"text-align: center;\"><strong>Etwas \u00fcber mich:<\/strong><\/p>\n<p style=\"text-align: center;\">2011 sind ich und mein Freund nach Schweden ausgewandert. \u00a0Unser Weg war manchmal steinig manchmal gut gekehrt und nicht selten auch verschneit, doch wir haben begonnen diesen Weg zu gehen und werden ihn weiter bestreiten egal was uns dabei noch begegnet. Das sch\u00f6nste und aufregendste was uns in diesen <del>vier<\/del> sechs\u00a0Jahren wohl passiert ist, war die Geburt unserer sonnigen Zwillinge an einem doch so Winter-grauen Tag.<\/p>\n<p style=\"text-align: center;\">Mit der Geburt unserer Zwillinge hab ich die Leidenschaft des N\u00e4hens f\u00fcr mich entdeckt und versuche nun hier und da, wenn es die Zeit erlaubt etwas f\u00fcr die Kleinen zu n\u00e4hen oder die Familie. Da ich mich ein wenig von der Au\u00dfenwelt abgeschottet f\u00fchle kam mir auch gleich die Idee eines Blogs und \u2013 <strong>DA BIN ICH<\/strong>. In meinem Blog sollt ihr ein wenig erfahren wie es ist, pl\u00f6tzlich Gro\u00dffamilie, den Alltag zu \u00fcberstehen ohne Verwandtschaft und die Herausforderung die Welt zu entdecken &#8211; ganz besonders f\u00fcr unsere Zwillinge.<\/p>\n<p style=\"text-align: center;\">Vor ungef\u00e4hr dreieinhalb Jahren habe ich zudem noch die Liebe zum Sauerteig entdeckt und backe seitdem meine Brote immer selbst. Da ich gerne meine Erfahrungen weitergeben m\u00f6chte hoffe ich auch hier euer Interesse gewinnen zu k\u00f6nnen und kann euch vielleicht auf diesem Weg mit Rat und Tat zur Seite stehen.<\/p>\n<p style=\"text-align: center;\">Weiterhin gilt meine Leidenschaft meinem Beruf als Maskenbildnerin und da ich es gelernt habe aus unn\u00fctzen Kram gelegentlich Sch\u00e4tze zu zaubern oder aus einfachen Mitteln tolle Effekte zu erzielen, werde ich euch hoffentlich auch hier ein wenig inspirieren k\u00f6nnen. Auch plane ich in der Zukunft ein kleines maskenbildnerisches Archiv anzulegen, von Arbeiten die ich selbst erstellt habe. Es wird kein Fotografisches oder Literarisches Archiv, mehr ein schnelles inspirirentes Nachschlagewerk.<\/p>\n<p style=\"text-align: center;\">Ich freu mich und hoffe ich bin euch ein guter Blogger.<\/p>\n<p style=\"text-align: center;\"><strong>Was ich mir von euch w\u00fcnsche:<\/strong><\/p>\n<p style=\"text-align: center;\">\u2665\u00a0Liebe, nette und geduldige Blog-Fans die mir immer ein L\u00e4cheln ins Gesicht zaubern<br \/>\n\u2665\u00a0immer wieder tolle Tipps und Ratschl\u00e4ge<br \/>\n\u2665\u00a0keine Angst nachzufragen<\/p>\n","protected":false},"excerpt":{"rendered":"<p>Etwas \u00fcber mich: 2011 sind ich und mein Freund nach Schweden ausgewandert. \u00a0Unser Weg war manchmal steinig manchmal gut gekehrt und nicht selten auch verschneit, doch wir haben begonnen diesen Weg zu gehen und werden ihn weiter bestreiten egal was uns dabei noch begegnet. Das sch\u00f6nste und aufregendste was uns in diesen vier sechs\u00a0Jahren wohl [&hellip;]<\/p>\n","protected":false},"author":1,"featured_media":0,"parent":0,"menu_order":0,"comment_status":"open","ping_status":"open","template":"","meta":[],"_links":{"self":[{"href":"https:\/\/www.vivolavita.de\/index.php?rest_route=\/wp\/v2\/pages\/192"}],"collection":[{"href":"https:\/\/www.vivolavita.de\/index.php?rest_route=\/wp\/v2\/pages"}],"about":[{"href":"https:\/\/www.vivolavita.de\/index.php?rest_route=\/wp\/v2\/types\/page"}],"author":[{"embeddable":true,"href":"https:\/\/www.vivolavita.de\/index.php?rest_route=\/wp\/v2\/users\/1"}],"replies":[{"embeddable":true,"href":"https:\/\/www.vivolavita.de\/index.php?rest_route=%2Fwp%2Fv2%2Fcomments&post=192"}],"version-history":[{"count":15,"href":"https:\/\/www.vivolavita.de\/index.php?rest_route=\/wp\/v2\/pages\/192\/revisions"}],"predecessor-version":[{"id":393,"href":"https:\/\/www.vivolavita.de\/index.php?rest_route=\/wp\/v2\/pages\/192\/revisions\/393"}],"wp:attachment":[{"href":"https:\/\/www.vivolavita.de\/index.php?rest_route=%2Fwp%2Fv2%2Fmedia&parent=192"}],"curies":[{"name":"wp","href":"https:\/\/api.w.org\/{rel}","templated":true}]}}

Über mich

<h4><img loading="lazy" class="aligncenter wp-image-2714" src="http://www.lechomania.de/wordpress/wp-content/uploads/2017/01/image10-768x1024-1-225x300.jpg" alt="image10-768x1024" width="225" height="300" srcset="https://www.vivolavita.de/wp-content/uploads/2017/01/image10-768x1024-1-225x300.jpg 225w, https://www.vivolavita.de/wp-content/uploads/2017/01/image10-768x1024-1.jpg 768w" sizes="(max-width: 225px) 100vw, 225px" /><a href="http://www.lechomania.de/wordpress/wp-content/uploads/2015/03/image10.jpg"><br />
</a></h4>
<p style="text-align: center;"><strong>Etwas über mich:</strong></p>
<p style="text-align: center;">2011 sind ich und mein Freund nach Schweden ausgewandert.  Unser Weg war manchmal steinig manchmal gut gekehrt und nicht selten auch verschneit, doch wir haben begonnen diesen Weg zu gehen und werden ihn weiter bestreiten egal was uns dabei noch begegnet. Das schönste und aufregendste was uns in diesen <del>vier</del> sechs Jahren wohl passiert ist, war die Geburt unserer sonnigen Zwillinge an einem doch so Winter-grauen Tag.</p>
<p style="text-align: center;">Mit der Geburt unserer Zwillinge hab ich die Leidenschaft des Nähens für mich entdeckt und versuche nun hier und da, wenn es die Zeit erlaubt etwas für die Kleinen zu nähen oder die Familie. Da ich mich ein wenig von der Außenwelt abgeschottet fühle kam mir auch gleich die Idee eines Blogs und – <strong>DA BIN ICH</strong>. In meinem Blog sollt ihr ein wenig erfahren wie es ist, plötzlich Großfamilie, den Alltag zu überstehen ohne Verwandtschaft und die Herausforderung die Welt zu entdecken &#8211; ganz besonders für unsere Zwillinge.</p>
<p style="text-align: center;">Vor ungefähr dreieinhalb Jahren habe ich zudem noch die Liebe zum Sauerteig entdeckt und backe seitdem meine Brote immer selbst. Da ich gerne meine Erfahrungen weitergeben möchte hoffe ich auch hier euer Interesse gewinnen zu können und kann euch vielleicht auf diesem Weg mit Rat und Tat zur Seite stehen.</p>
<p style="text-align: center;">Weiterhin gilt meine Leidenschaft meinem Beruf als Maskenbildnerin und da ich es gelernt habe aus unnützen Kram gelegentlich Schätze zu zaubern oder aus einfachen Mitteln tolle Effekte zu erzielen, werde ich euch hoffentlich auch hier ein wenig inspirieren können. Auch plane ich in der Zukunft ein kleines maskenbildnerisches Archiv anzulegen, von Arbeiten die ich selbst erstellt habe. Es wird kein Fotografisches oder Literarisches Archiv, mehr ein schnelles inspirirentes Nachschlagewerk.</p>
<p style="text-align: center;">Ich freu mich und hoffe ich bin euch ein guter Blogger.</p>
<p style="text-align: center;"><strong>Was ich mir von euch wünsche:</strong></p>
<p style="text-align: center;">♥ Liebe, nette und geduldige Blog-Fans die mir immer ein Lächeln ins Gesicht zaubern<br />
♥ immer wieder tolle Tipps und Ratschläge<br />
♥ keine Angst nachzufragen</p>

<p>Etwas über mich: 2011 sind ich und mein Freund nach Schweden ausgewandert.  Unser Weg war manchmal steinig manchmal gut gekehrt und nicht selten auch verschneit, doch wir haben begonnen diesen Weg zu gehen und werden ihn weiter bestreiten egal was uns dabei noch begegnet. Das schönste und aufregendste was uns in diesen vier sechs Jahren wohl [&hellip;]</p>
